/6 - 1). What is the greatest common factor of u and c?
2
Let a be -1*(55 + 1 + -1). Let r be (6/2)/(15/10). Let h be (r/(-2))/(1/a). What is the highest common divisor of h and 22?
11
Suppose 15 = 3*k, 2*b + b - 14 = -k. Let j be (2 - -22)/(b/2). What is the greatest common divisor of 8 and j?
8
Let p(b) = b**3 + 4*b**2 - 13*b + 8. Let u be p(-6). What is the highest common divisor of u and 70?
14
Let m(b) = 12*b**3 + b**2 - 2*b + 2 + 1 - 2. Let c = 34 + -33. Let v be m(c). Calculate the greatest common factor of v and 108.
12
Let b be (-5)/30 + 98/12. Calculate the highest common factor of b and 1.
1
Suppose 19*s - 319 - 251 = 0. What is the greatest common divisor of 30 and s?
30
Let u = -118 + 139. What is the greatest common divisor of 14 and u?
7
Suppose 10 = 2*i - 14. Suppose 5*t + i = 77. What is the highest common factor of t and 104?
13
Let c(h) be the first derivative of 5*h**2/2 + 4*h + 1. Let l be c(6). Calculate the greatest common factor of l and 17.
17
Suppose -7*u = -2*u - 150. What is the highest common factor of 6 and u?
6
Let i(b) = -b**3 + 7*b**2 + 2*b + 7. Let u be i(4). What is the greatest common factor of 7 and u?
7
Let u(l) = l**2 + 8*l + 32. Let f be u(-10). What is the highest common factor of 13 and f?
13
Let j(f) = 6*f**2 - 1. Let d be (-6)/10 + 6/(-15). Let w be j(d). Let o be (120/18)/((-2)/(-12)). What is the greatest common factor of w and o?
5
Suppose w - 7 = 2*b, -3*b = 2 + 4. Let i(u) = 2*u**2 - 3*u - 2. Let q be i(w). What is the greatest common divisor of 35 and q?
7
Suppose 4*p = -p. Suppose p = n + 2*n - 12. Suppose n*q - 3*q = 7. Calculate the highest common factor of q and 1.
1
Suppose 360 = 15*s - 10*s. What is the greatest common divisor of s and 9?
9
Suppose 0 = 3*j - 63 - 9. Calculate the highest common factor of 18 and j.
6
Let s(c) = 15*c - 9. Let t be s(8). What is the highest common divisor of 74 and t?
37
Let b(z) = z - 4. Let t be b(7). Suppose -1205 = -4*h - 5*u - 130, h + t*u = 260. Suppose 5*f - h - 130 = 0. Calculate the highest common factor of 9 and f.
9
Suppose -4*t + 97 = -v, t - 67 = -2*t - 5*v. What is the highest common divisor of t and 12?
12
Let n = -6 - -8. Suppose -99 = -n*k - k. Let f = k - 16. What is the greatest common factor of 85 and f?
17
Let i(y) = -y - 3. Let q be i(0). Let r = 1 - q. Suppose -v = r*v - 5. What is the greatest common divisor of v and 9?
1
Let c = 6 - 3. Let w be 4 - c/6*0. Let a = w - -8. Calculate the highest common divisor of 4 and a.
4
Suppose -3*k - q + 16 = 0, -3*k + 0*q + q = -8. Suppose k*t - t = 96. What is the highest common divisor of t and 8?
8
Suppose -2*j = -j + 30. Let p = 27 - j. Suppose -5*r = -3*n - p, 2*n = 4*r - 7*r + 19. What is the greatest common factor of 72 and r?
9
Suppose -b = 5*o - 19, -3*b = 4*o - 0*o - 13. Let g = o + -2. Let n be (45/(-6))/(-5)*g. What is the highest common divisor of n and 6?
3
Let n = -140 + 250. Let t = 2 + 8. Calculate the highest common factor of n and t.
10
Suppose 7*b - 140 = 3*b. Suppose 4*q - 8 = 4*y, 2*y - 4 = -5*q + 6. Let z be 84/16 - q/8. What is the greatest common divisor of b and z?
5
Let b = -8 + 4. Let p = 0 - b. Calculate the greatest common divisor of 4 and p.
4
Let c = 13 + -19. Let j be (c/(-1))/(2/14). What is the greatest common factor of j and 28?
14
Let q(f) = f + 18. Let s be q(-6). Calculate the greatest common factor of s and 96.
12
Suppose -5*x + 294 = -81. What is the greatest common factor of x and 30?
15
Let b be 0/(3 - 1 - 0). Let f be 29 + b + -2 + 0. Suppose 0*t = t - f. What is the highest common factor of 18 and t?
9
Let g(d) = -d**3 - 5*d**2 + 9*d - 10. Let x be g(-7). Let m be -1 - (x/1)/(-1). What is the greatest common divisor of m and 6?
6
Let p = 37 + 18. What is the highest common factor of 5 and p?
5
Suppose 5*q - 3*a + a - 38 = 0, 3*q + 2*a - 26 = 0. Let d be -1 + 2*(9 + -1). Let s = d - q. What is the highest common divisor of 28 and s?
7
Suppose -y - 3 = -4*z - 4, -2*z - 5 = -y. Let o = 97 - 52. Calculate the highest common factor of y and o.
9
Suppose -4*b = b - 240. What is the highest common divisor of b and 4?
4
Let n = 51 + 49. Calculate the highest common factor of n and 40.
20
Let k(n) = -n - 1. Let w be k(-6). Suppose -w*c = -3*t + 5 - 0, -t + 9 = 2*c. What is the highest common factor of t and 55?
5
Let m be 6/(-24) + 937/4. What is the highest common divisor of 26 and m?
26
Let t be ((-8 + 18)/5)/((-1)/(-4)). Calculate the greatest common factor of t and 56.
8
Suppose 3*x - 4*s - 160 = 121, -x + 2*s = -93. What is the greatest common divisor of x and 19?
19
Suppose -2*g + 3*g = 3. Suppose -2 - g = -h. Suppose -5*j - 35 = -4*x, 39 = 3*x + 4*j + h. Calculate the greatest common factor of x and 5.
5
Suppose -13*k = -11*k - 10. What is the highest common factor of k and 10?
5
Let u = 0 + 4. What is the greatest common factor of 8 and u?
4
Let x be 468/(-9) + 1*-1. Let m = x - -101. What is the highest common divisor of m and 6?
6
Suppose s = 13 + 78. What is the highest common factor of s and 13?
13
Let i be (-50)/(-3) + 2/(-3). Let g(s) = -62*s - 10. Let k be g(-3). Calculate the greatest common factor of k and i.
16
Let w = -50 - -91. Suppose -2*y + 42 = 4*g, -4*g + 8 - w = -3*y. Calculate the greatest common divisor of y and 6.
3
Let f(s) = 4*s - 10. Let a be f(7). What is the greatest common factor of a and 162?
18
Suppose 3*k + 2*o - 81 = 0, -2*k + 4*o - 11 = -65. What is the greatest common divisor of k and 27?
27
Let g(j) = -j**3 - 19*j**2 - j + 25. Let v be g(-19). What is the greatest common factor of 11 and v?
11
Let h be (-6)/(-4) - (-151)/2. Suppose 0 = 2*r - 8 + 2. Let q(l) = l + 4. Let y be q(r). What is the greatest common factor of h and y?
7
Suppose 0 = 3*w - 7 - 8. Suppose w*j + 4*l = 63, j = 3*j + 3*l - 28. Let v = -111 + 166. What is the highest common factor of j and v?
11
Let p(a) = -a**3 + 4*a**2 + 2*a - 1. Let w be -5 - 5/(15/(-6)). Let j be p(w). Calculate the greatest common factor of j and 8.
8
Let q be (2/(-8))/((-3)/24). Suppose -k - q*k + 12 = 0. Let x(t) = 19*t**3 + t**2. Let y be x(1). Calculate the highest common factor of y and k.
4
Let i(t) = 3*t - 6. Suppose -6*g + 4*z = -2*g + 136, 0 = 2*z + 4. Let p be ((-2)/4)/(3/g). Let h be i(p). What is the greatest common divisor of h and 3?
3
Let x = 35 + 75. Calculate the highest common factor of x and 10.
10
Let u(z) = z + 1. Let q(s) = -s**2 - s - 3. Suppose 4 = 3*j - 2. Let t(d) = j*u(d) - q(d). Let k be t(-4). What is the greatest common divisor of 6 and k?
3
Let q = -6 - -18. Let w be (-8)/q*(-2 - 1). Suppose c = w*c - 34. Calculate the highest common factor of 51 and c.
17
Let o be 6*3/(-6)*-9. Let v = o + -25. What is the highest common divisor of 2 and v?
2
Suppose -1 = 4*z - 3*j, 3*z - 2*j + 22 = -4*j. Let b be (6/4)/(3/z). Let d be (b + -2)*(-12)/3. Calculate the highest common factor of 112 and d.
16
Let u be ((-3)/(-6))/((-3)/(-60)). What is the greatest common divisor of 40 and u?
10
Suppose 4*v + 430 = 3*l, 0*l + l - 130 = 4*v. Calculate the greatest common factor of 15 and l.
15
Let a be -2*1 + 712/(-2). Let n be (-2)/(-10) + a/(-10). What is the greatest common factor of 12 and n?
12
Suppose 2*u = 635 - 203. What is the greatest common factor of u and 24?
24
Suppose -5*d + 10 = -5. Let m be 21/27 - (-2)/9. Let x be 4/6*m*3. What is the greatest common divisor of d and x?
1
Let k(b) = -b - 12. Let m be k(-5). Let o(t) = t**2 + 6*t + 3. Let d be o(m). Let g = 18 + d. Calculate the greatest common divisor of g and 70.
14
Suppose 0 = 6*z - z. Suppose -k = 2*s, 3*s + z*k = 5*k. Suppose s = 2*w - q - 54, w - q - 20 = -4*q. What is the greatest common factor of 78 and w?
26
Suppose 0*j - j + 9 = 0. Let z = 41 - j. Suppose 4 = 3*n - 2*n. Calculate the highest common factor of n and z.
4
Let z(h) = 3*h - 6. Let b be z(6). Let u be (-27)/(9/6 - 3). Let p = u - b. Calculate the highest common factor of p and 42.
6
Let k be 6/9*(-3)/(-1). What is the highest common factor of k and 2?
2
Let n(z) = z**3 - 4*z**2 + 3*z + 4. Let v be n(3). Calculate the highest common factor of v and 20.
4
Let l = 82 + 6. Let c be (-2)/(-5) + (-265)/(-25). What is the highest common divisor of l and c?
11
Let l be (-12)/(-5)*(-20)/(-3). Let u = 22 + -2. Let w = u + -12. Calculate the h